7b9bb3 (base 15) in base 11?
-33739a3
Convert 101110111000010000001 (base 2) to base 11.
95a131
What is -4945152 (base 10) in base 2?
-10010110111010100000000
Convert -10224545 (base 6) to base 10.
-299153
-30ee (base 16) to base 9
-18157
Convert -413e82 (base 15) to base 10.
-3101522
5321230 (base 7) to base 3
1012201022021
Convert -1112000102 (base 4) to base 8.
-1260022
What is -18b342 (base 15) in base 9?
-2232138
What is -1108891 (base 10) in base 2?
-100001110101110011011
What is -1114a7 (base 12) in base 6?
-5455131
-10110001001000111000 (base 2) to base 4
-2301020320
-2259 (base 12) to base 14
-1565
-120094 (base 16) to base 10
-1179796
Convert -305 (base 14) to base 10.
-593
Convert -40a2c2 (base 14) to base 10.
-2179298
Convert -20200101 (base 4) to base 7.
-203361
What is 232304 (base 5) in base 6?
103050
Convert 478849 (base 10) to base 3.
220022212011
What is 763240 (base 9) in base 5?
104030334
What is -194493 (base 11) in base 4?
-1020323222
What is -2320013313 (base 4) in base 2?
-10111000000111110111
1cc073 (base 13) to base 3
1101121202022
Convert -56c0a5 (base 13) to base 16.
-1f58ba
2a70bc (base 13) to base 16
fed12
What is 27ad5 (base 15) in base 3?
20110122202
Convert 9716563 (base 10) to base 12.
3307017
What is -1012210000102 (base 3) in base 7?
-5324660
Convert 1212101001 (base 3) to base 11.
25653
-5a53b1 (base 13) to base 2
-1000001101110011101111
Convert 3112412322 (base 5) to base 13.
1421913
-1011011110010010 (base 2) to base 13
-1850c
-103486 (base 9) to base 16
-f0c6
What is 110000101010010111011 (base 2) in base 7?
16360564
Convert 2553454 (base 6) to base 11.
95897
10224516 (base 7) to base 11
53a911
-1a4163 (base 12) to base 15
-92433
-3aa94 (base 11) to base 12
-29a6a
Convert -516822 (base 10) to base 15.
-a31ec
Convert -2545395 (base 10) to base 7.
-30430656
What is -281a5 (base 12) in base 16?
-d90d
Convert 565a7 (base 12) to base 8.
340317
-335144200 (base 6) to base 5
-3032011312
895b7 (base 13) to base 10
249256
1111001111001101100001 (base 2) to base 9
7457334
12533637 (base 8) to base 16
2ab79f
What is -252755 (base 8) in base 7?
-513125
-13c76 (base 16) to base 7
-455123
What is 43042133 (base 5) in base 10?
362168
-100010010110111100 (base 2) to base 6
-3003312
What is 242433203 (base 5) in base 16?
11645b
Convert -104304 (base 8) to base 6.
-430032
Convert a70b50 (base 12) to base 15.
370b96
What is 1653336 (base 8) in base 16?
756de
206688 (base 9) to base 3
20020202222
What is 5173014 (base 9) in base 8?
12427135
32211102 (base 5) to base 2
1000010100100001100
-29715c (base 13) to base 3
-1220120200020
What is 214b7 (base 12) in base 16?
ab8b
What is 321010013022 (base 4) in base 14?
1db5798
42402155 (base 6) to base 4
10233313313
What is -651995 (base 15) in base 8?
-22274103
What is 100010001100110000 (base 2) in base 8?
421460
What is -9c4705 (base 14) in base 6?
-305520425
What is 14a92c5 (base 13) in base 5?
3143232423
Convert -11031320 (base 6) to base 12.
-13b540
29ba9 (base 14) to base 13
38352
What is -26b30c2 (base 13) in base 3?
-211221221101220
What is 2222102444 (base 5) in base 6?
252321351
Convert 40414532 (base 6) to base 12.
477448
What is 13373 (base 12) in base 8?
63507
What is -3123363 (base 9) in base 2?
-110010111011101110101
65b65 (base 15) to base 4
1032321323
-176dd (base 15) to base 11
-51a57
What is 33354446 (base 7) in base 16?
2c0fb4
Convert -2926041 (base 12) to base 2.
-11111100001011010110001
Convert 1100011100101010111111 (base 2) to base 15.
446ce7
Convert 12b64 (base 14) to base 3.
2100022012
Convert 45806 (base 12) to base 15.
1c72c
Convert 109226 (base 10) to base 7.
633305
6281451 (base 9) to base 15
4659c1
10111011221 (base 3) to base 2
10000110000110011
What is -154118 (base 12) in base 2?
-1010111110010100100
Convert -441530014 (base 6) to base 14.
-10a5122
What is 1153502 (base 6) in base 8?
170456
Convert -43214 (base 5) to base 11.
-2228
What is ccab9c (base 13) in base 12?
1746766
Convert 752774 (base 8) to base 2.
111101010111111100
Convert -154241 (base 8) to base 9.
-84058
-1f197 (base 16) to base 6
-2421423
Convert c441a2 (base 13) to base 8.
21357041
What is -1501124 (base 8) in base 9?
-720137
What is 138ab74 (base 15) in base 13?
2c00581
Convert 404112 (base 7) to base 6.
1245510
-e042 (base 15) to base 13
-186c5
What is 41402 (base 7) in base 9?
14822
-14de40 (base 15) to base 10
-1008960
What is -1000123333 (base 4) in base 6?
-5353531
Convert 138a7 (base 14) to base 11.
33377
34070704 (base 8) to base 12
2574684
Convert 5658080 (base 10) to base 3.
101122110102112
Convert 11100000000001001 (base 2) to base 10.
114697
Convert 5ba07 (base 16) to base 6.
12013303
85468 (base 13) to base 7
2020252
What is 850184 (base 9) in base 10?
505354
-853b05 (base 15) to base 2
-11000001100000001111010
db3a (base 14) to base 7
215303
Convert 314130023 (base 5) to base 12.
536549
What is -1323445 (base 7) in base 3?
-22211212021
Convert 1987c9 (base 14) to base 3.
1201002021011
3926bd (base 14) to base 13
53ab55
21302031133 (base 4) to base 9
4738414
Convert 1221230212 (base 4) to base 2.
1101001101100100110
Convert -117129 (base 13) to base 15.
-8315c
Convert -237315 (base 9) to base 10.
-143141
What is 3180086 (base 11) in base 3?
101112011002112
19b47 (base 13) to base 16
c44c
Convert -100011010011110100 (base 2) to base 9.
-240347
Convert -20bdb (base 16) to base 4.
-200233123
3244378 (base 9) to base 8
6512107
Convert -597a7c (base 14) to base 6.
-145300450
Convert -516132 (base 9) to base 10.
-306290
Convert -1010100010110010011010 (base 2) to base 13.
-75a080
-110101101010011001 (base 2) to base 9
-364453
Convert -2202210211112 (base 3) to base 13.
-3c72a1
What is -55996 (base 14) in base 13?
-736c8
-43ed91 (base 15) to base 6
-153234314
-23172 (base 12) to base 9
-71275
What is 4631743 (base 8) in base 15?
19cd2c
Convert 1010210021012 (base 3) to base 10.
605993
Convert 2054212 (base 8) to base 15.
ac0d9
What is -31311144 (base 6) in base 15?
-13007d
Convert -33322011 (base 4) to base 14.
-19a61
-708a15 (base 11) to base 15
-17783b
What is -17877 (base 11) in base 7?
-132626
What is 4d3428 (base 14) in base 11?
1557350
47bb5 (base 16) to base 10
293813
What is -24203020 (base 6) in base 8?
-2721524
What is 11043230 (base 5) in base 15?
1d9b0
110242 (base 5) to base 12
2266
What is -3511203 (base 6) in base 11?
-113622
1b3e6 (base 16) to base 2
11011001111100110
What is 910e86 (base 15) in base 2?
11010010001101101010100
What is -24213244 (base 5) in base 2?
-110111001100011010
Convert -22134 (base 16) to base 6.
-2554100
-a961c (base 14) to base 15
-81773
Convert 1666620 (base 8) to base 6.
14233412
Convert 41e8e (base 16) to base 2.
1000001111010001110
-4463653 (base 9) to base 2
-1001001010111011001111
Convert -152364 (base 7) to base 14.
-ab6b
Convert a2cdb0 (base 15) to base 8.
35412336
Convert -5645414 (base 7) to base 6.
-23003325
What is -213213023 (base 5) in base 7?
-10523206
3612d (base 15) to base 4
222011221
592 (base 14) to base 5
13413
-2000220022000 (base 3) to base 7
-12120264
Convert 2270110 (base 10) to base 7.
25203253
-20332045 (base 6) to base 14
-11419b
Convert 1010201012110 (base 3) to base 10.
604488
-2022012 (base 3) to base 7
-4616
Convert -83b76 (base 15) to base 16.
-65faf
What is 1340161 (base 7) in base 6?
3450554
What is -1342516 (base 11) in base 7?
-25455553
Convert 163021 (base 12) to base 14.
9bcc9
Convert -113401422 (base 5) to base 14.
-da7a2
What is -123111022013 (base 4) in base 15?
-967c6b
-59988a (base 12) to base 13
-3b8b85
Convert -104192 (base 14) to base 12.
-225944
Convert 10696496 (base 10) to base 2.
101000110011011100110000
What is -6430766 (base 10) in base 14?
-bd5806
What is -12086 (base 10) in base 8?
-27466
Convert -2a922 (base 14) to base 15.
-21661
What is 622410 (base 7) in base 6?
2141113
Convert 24143100 (base 5) to base 8.
667007
-444044 (base 7) to base 3
-10222022122
Convert 145427 (base 8) to base 10.
51991
What is 4857a0 (base 14) in base 6?
125005012
Convert 2509a5 (base 16) to base 4.
21100212211
Convert -30604020 (base 8) to base 9.
-13181703
What is 23e581 (base 15) in base 11?
a74668
What is -d68011 (base 14) in base 4?
-123220212033
What is 517a940 (base 12) in base 3?
1001212